11002
Convert 2a424 (base 11) to base 3.
2012010101
-8732 (base 9) to base 7
-24512
What is -783 (base 11) in base 7?
-2510
-21011 (base 4) to base 16
-245
2878 (base 13) to base 15
1aea
What is -197 (base 11) in base 7?
-443
2732a (base 11) to base 16
9852
-14772 (base 8) to base 4
-1213322
Convert -337 (base 12) to base 3.
-122121
What is -3a8b (base 16) in base 11?
-10295
2112 (base 4) to base 14
aa
What is 6501 (base 9) in base 3?
20120001
What is -14122 (base 6) in base 3?
-10000212
What is 2143b (base 12) in base 14?
11d83
-22525 (base 6) to base 14
-1261
What is 11776 (base 8) in base 12?
2b66
Convert 1110110 (base 2) to base 9.
141
What is -101100001000 (base 2) in base 12?
-1774
Convert 100010010100 (base 2) to base 9.
3010
1330122 (base 4) to base 11
5a89
-1101010010101 (base 2) to base 7
-25561
What is -28463 (base 10) in base 4?
-12330233
Convert 12784 (base 14) to base 10.
45392
Convert -41c3 (base 15) to base 12.
-8070
Convert -2211222112 (base 3) to base 2.
-1101101100111000
2331 (base 4) to base 11
162
What is -31d (base 14) in base 2?
-1001100111
What is 10011000110 (base 2) in base 14?
634
What is -43340 (base 9) in base 5?
-1404320
Convert -21631 (base 7) to base 14.
-1dc1
Convert -11011001111011 (base 2) to base 4.
-3121323
What is 3a03 (base 13) in base 16?
205c
What is -143121 (base 7) in base 14?
-a048
What is 5815 (base 14) in base 8?
35713
-212031 (base 4) to base 3
-10100120
Convert -49 (base 16) to base 10.
-73
What is 12020 (base 3) in base 13?
ab
Convert 46e3 (base 16) to base 4.
10123203
Convert 155422 (base 6) to base 10.
15494
-224220 (base 5) to base 6
-101152
Convert 333 (base 8) to base 13.
13b
-127b0 (base 12) to base 10
-25332
-18d (base 15) to base 11
-2a6
Convert 49a0 (base 12) to base 15.
2703
What is de (base 16) in base 11?
192
-111011110001000 (base 2) to base 12
-15860
Convert -44342 (base 8) to base 15.
-57dd
What is -a67 (base 11) in base 9?
-1675
-2462 (base 11) to base 12
-1a3a
Convert -6db (base 14) to base 10.
-1369
What is -10621 (base 7) in base 9?
-3641
What is 3977 (base 10) in base 11?
2a96
7dd9 (base 16) to base 14
ba53
What is 1640 (base 10) in base 9?
2222
What is 1430 (base 7) in base 15?
275
Convert -521 (base 10) to base 16.
-209
Convert -220423 (base 6) to base 7.
-104235
405345 (base 6) to base 2
111111001000001
What is 115 (base 16) in base 9?
337
Convert -2574 (base 11) to base 14.
-1312
130432 (base 5) to base 7
20630
What is -21220002 (base 3) in base 8?
-13171
-14311 (base 11) to base 16
-4f74
Convert -1012 (base 5) to base 10.
-132
What is -300343 (base 5) in base 8?
-22401
Convert -1100011012 (base 3) to base 13.
-bcc6
-b6b (base 12) to base 11
-1286
30445 (base 6) to base 12
2425
Convert -101000010000111 (base 2) to base 4.
-11002013
What is 231132 (base 4) in base 9?
3883
Convert 1056 (base 8) to base 4.
20232
Convert -105441 (base 6) to base 2.
-10001101000001
-601 (base 11) to base 13
-43c
1319 (base 13) to base 12
16b2
What is 29 (base 12) in base 14?
25
Convert 1745 (base 8) to base 13.
5b9
What is -413131 (base 5) in base 4?
-3103211
5232 (base 8) to base 9
3645
What is 256 (base 11) in base 15?
153
What is -26d (base 16) in base 15?
-2b6
1021220 (base 3) to base 5
12232
Convert -11011010110 (base 2) to base 10.
-1750
Convert -10204 (base 13) to base 16.
-70e7
What is -28a (base 12) in base 15?
-1b4
Convert -212122 (base 3) to base 9.
-778
2ba1 (base 14) to base 15
2490
-1114 (base 12) to base 14
-98c
Convert -2507 (base 10) to base 11.
-197a
Convert -101110 (base 2) to base 5.
-141
-36617 (base 10) to base 3
-1212020012
What is -2030 (base 6) in base 16?
-1c2
e60 (base 16) to base 12
2168
What is 4566 (base 11) in base 8?
13561
-7744 (base 9) to base 4
-1121032
What is 620 (base 10) in base 7?
1544
What is -100101011100001 (base 2) in base 5?
-1103134
What is 1ab7 (base 16) in base 4?
1222313
What is 21 (base 7) in base 16?
f
Convert -621 (base 7) to base 6.
-1233
Convert -303424 (base 5) to base 10.
-9864
Convert 245 (base 11) to base 9.
353
What is -16197 (base 11) in base 16?
-5946
-232222 (base 4) to base 6
-21454
What is 8a4 (base 16) in base 15?
9c7
Convert 2221 (base 6) to base 2.
1000000101
Convert 122a (base 15) to base 7.
14161
What is -7b (base 12) in base 9?
-115
-1401501 (base 6) to base 8
-230515
What is -1355 (base 6) in base 10?
-359
Convert -333122 (base 5) to base 3.
-120222221
Convert 13268 (base 12) to base 14.
981a
Convert 2033 (base 4) to base 3.
12022
2202 (base 8) to base 6
5202
What is 25a7 (base 15) in base 8?
17540
What is 70b (base 13) in base 9?
1566
What is -1507 (base 13) in base 14?
-117b
909 (base 16) to base 15
a43
What is -139b1 (base 12) in base 15?
-8184
-4113 (base 5) to base 3
-201202
Convert -16504 (base 10) to base 7.
-66055
What is -13 (base 8) in base 12?
-b
What is 231150 (base 6) in base 11?
138aa
What is -15371 (base 10) in base 16?
-3c0b
Convert -5c04 (base 14) to base 8.
-37314
Convert -3211 (base 8) to base 11.
-1291
What is -100200011 (base 3) in base 2?
-1101110001011
Convert 567 (base 8) to base 6.
1423
-341 (base 13) to base 11
-46a
Convert -12333223 (base 4) to base 16.
-6feb
Convert 5916 (base 13) to base 5.
400100
-5446 (base 7) to base 14
-9cd
224 (base 6) to base 4
1120
Convert 133504 (base 8) to base 11.
32281
41443 (base 5) to base 11
2079
-1079b (base 14) to base 12
-1b131
Convert 1500 (base 12) to base 14.
c6c
What is 2738 (base 13) in base 4?
1113320
-21232232 (base 4) to base 9
-60602
Convert -112020 (base 4) to base 14.
-732
-607 (base 15) to base 3
-1212021
What is 8003 (base 10) in base 3?
101222102
What is 7560 (base 13) in base 9?
24323
Convert -37339 (base 10) to base 5.
-2143324
b61 (base 16) to base 5
43123
5424 (base 8) to base 11
2149
1000000001110 (base 2) to base 9
5566
-1363 (base 11) to base 13
-a58
-53 (base 11) to base 13
-46
What is -40a7 (base 11) in base 2?
-1010101000001
What is -13a9a (base 11) in base 5?
-1114303
Convert 11a (base 11) to base 7.
262
Convert -4483 (base 14) to base 13.
-5536
Convert -792 (base 14) to base 11.
-1144
14021 (base 5) to base 12
7a8
Convert 2e6 (base 16) to base 9.
1014
1142243 (base 5) to base 14
7c0d
Convert 18a (base 15) to base 9.
434
What is 699c (base 16) in base 7?
141552
What is -2380 (base 12) in base 8?
-7620
Convert -4cd (base 15) to base 2.
-10001000101
23432 (base 5) to base 9
2345
Convert -18382 (base 13) to base 9.
-71114
-2d37 (base 14) to base 13
-38ac
307 (base 12) to base 2
110110111
-364 (base 8) to base 16
-f4
Convert -110002 (base 4) to base 10.
-1282
Convert -34110 (base 6) to base 4.
-1022322
Convert -251 (base 10) to base 8.
-373
-469 (base 11) to base 4
-20233
-1309 (base 14) to base 6
-23245
Convert -22212 (base 7) to base 2.
-1010111011011
What is 165204 (base 7) in base 14?
c074
Convert 45712 (base 8) to base 15.
5b37
What is -1321321 (base 4) in base 9?
-11627
What is -33a (base 14) in base 16?
-280
What is 401 (base 5) in base 10?
101
Convert 1012220 (base 3) to base 6.
4040
What is 54a2 (base 13) in base 12?
69a9
Convert -37b (base 14) to base 13.
-418
Convert -4077 (base 8) to base 16.
-83f
10110010111111 (base 2) to base 11
8674
Convert -24214 (base 6) to base 2.
-110111010010
What is 1344 (base 8) in base 16?
2e4
Convert 14523 (base 7) to base 16.
fc3
Convert 2036 (base 10) to base 3.
2210102
230 (base 10) to base 13
149
-2826 (base 9) to base 7
-6132
Convert -1ce (base 15) to base 14.
-21d
Convert 2983 (base 12) to base 8.
11363
-112150 (base 6) to base 8
-22542
Convert -1066d (base 14) to base 2.
-1001101100001001
What is 164261 (base 7) in base 6?
411302
What is 5c29 (base 13) in base 12?
7674
1525 (base 11) to base 12
1177
What is -20232013 (base 4) in base 6?
-433211
What is -4830 (base 9) in base 4?
-320013
-30 (base 12) to base 16
-24
What is -71647 (base 8) in base 16?
-73a7
What is 134 (base 15) in base 7?
541
What is -1001122102 (base 3) in base 5?
-1132012
Convert 224146 (base 7) to base 5.
2233441
Convert -346 (base 11) to base 4.
-12131
5368 (base 11) to base 5
211332
What is -1120111 (base 4) in base 5?
-140103
Convert 2222322 (base 4) to base 14.
3db4
What is 3b2 (base 13) in base 2?
1010001100
What is -4432 (base 5) in base 9?
-755
-2a0 (base 16) to base 12
-480
What is 5513 (base 13) in base 4?
2321